{"id":47,"date":"2015-08-17T10:48:42","date_gmt":"2015-08-17T09:48:42","guid":{"rendered":"http:\/\/www.groupe1000picardie.fr\/wp-G1000\/?page_id=47"},"modified":"2017-06-16T08:30:03","modified_gmt":"2017-06-16T07:30:03","slug":"references","status":"publish","type":"page","link":"http:\/\/www.groupe1000picardie.fr\/wp-G1000\/references\/","title":{"rendered":"R\u00e9f\u00e9rences"},"content":{"rendered":"<p>&nbsp;<\/p>\n<table>\n<tbody>\n<tr>\n<td style=\"text-align: center;\"><a href=\"http:\/\/www.groupe1000picardie.fr\/wp-G1000\/wp-content\/uploads\/2015\/08\/log_indiv.jpg\"><img loading=\"lazy\" decoding=\"async\" class=\"wp-image-654 aligncenter\" src=\"http:\/\/www.groupe1000picardie.fr\/wp-G1000\/wp-content\/uploads\/2015\/08\/log_indiv.jpg\" alt=\"\" width=\"260\" height=\"239\" srcset=\"http:\/\/www.groupe1000picardie.fr\/wp-G1000\/wp-content\/uploads\/2015\/08\/log_indiv.jpg 500w, http:\/\/www.groupe1000picardie.fr\/wp-G1000\/wp-content\/uploads\/2015\/08\/log_indiv-300x275.jpg 300w, http:\/\/www.groupe1000picardie.fr\/wp-G1000\/wp-content\/uploads\/2015\/08\/log_indiv-163x150.jpg 163w, http:\/\/www.groupe1000picardie.fr\/wp-G1000\/wp-content\/uploads\/2015\/08\/log_indiv-150x138.jpg 150w\" sizes=\"auto, (max-width: 260px) 100vw, 260px\" \/><\/a><br \/>\n<a href=\"http:\/\/www.groupe1000picardie.fr\/wp-G1000\/logements-individuels\/\">Constructions<\/a><br \/>\n<a href=\"http:\/\/www.groupe1000picardie.fr\/wp-G1000\/logements-individuels-rehabilitations\/\">R\u00e9habilitations<\/a><\/td>\n<td style=\"text-align: center;\"><a href=\"http:\/\/www.groupe1000picardie.fr\/wp-G1000\/wp-content\/uploads\/2017\/06\/log_coll.jpg\"><img loading=\"lazy\" decoding=\"async\" class=\"wp-image-653 aligncenter\" src=\"http:\/\/www.groupe1000picardie.fr\/wp-G1000\/wp-content\/uploads\/2017\/06\/log_coll.jpg\" alt=\"\" width=\"260\" height=\"238\" \/><\/a><br \/>\n<a href=\"http:\/\/www.groupe1000picardie.fr\/wp-G1000\/logements-collectifs\/\">Constructions<\/a><br \/>\n<a href=\"http:\/\/www.groupe1000picardie.fr\/wp-G1000\/logements-collectifs-rehabilitations\/\">R\u00e9habilitations<\/a><\/td>\n<td style=\"text-align: center;\"><a href=\"http:\/\/www.groupe1000picardie.fr\/wp-G1000\/wp-content\/uploads\/2015\/08\/ouv_fonct.jpg\"><img loading=\"lazy\" decoding=\"async\" class=\"wp-image-655 aligncenter\" src=\"http:\/\/www.groupe1000picardie.fr\/wp-G1000\/wp-content\/uploads\/2015\/08\/ouv_fonct.jpg\" alt=\"\" width=\"260\" height=\"239\" srcset=\"http:\/\/www.groupe1000picardie.fr\/wp-G1000\/wp-content\/uploads\/2015\/08\/ouv_fonct.jpg 500w, http:\/\/www.groupe1000picardie.fr\/wp-G1000\/wp-content\/uploads\/2015\/08\/ouv_fonct-300x275.jpg 300w, http:\/\/www.groupe1000picardie.fr\/wp-G1000\/wp-content\/uploads\/2015\/08\/ouv_fonct-163x150.jpg 163w, http:\/\/www.groupe1000picardie.fr\/wp-G1000\/wp-content\/uploads\/2015\/08\/ouv_fonct-150x138.jpg 150w\" sizes=\"auto, (max-width: 260px) 100vw, 260px\" \/><\/a><br \/>\n<a href=\"http:\/\/www.groupe1000picardie.fr\/wp-G1000\/ouvrages-fonctionnels\/\">Constructions<\/a><br \/>\n<a href=\"http:\/\/www.groupe1000picardie.fr\/wp-G1000\/ouvrages-fonctionnels-rehabilitations\/\">R\u00e9habilitations<\/a><\/td>\n<\/tr>\n<\/tbody>\n<\/table>\n<p>&nbsp;<\/p>\n<p>&nbsp;<\/p>\n<p>&nbsp;<\/p>\n<p>&nbsp;<\/p>\n<p>&nbsp;<\/p>\n","protected":false},"excerpt":{"rendered":"<p>&nbsp; Constructions R\u00e9habilitations Constructions R\u00e9habilitations Constructions R\u00e9habilitations &nbsp; &nbsp; &nbsp; &nbsp; &nbsp;<\/p>\n","protected":false},"author":1,"featured_media":0,"parent":0,"menu_order":0,"comment_status":"closed","ping_status":"closed","template":"","meta":{"footnotes":""},"class_list":["post-47","page","type-page","status-publish","hentry"],"_links":{"self":[{"href":"http:\/\/www.groupe1000picardie.fr\/wp-G1000\/wp-json\/wp\/v2\/pages\/47","targetHints":{"allow":["GET"]}}],"collection":[{"href":"http:\/\/www.groupe1000picardie.fr\/wp-G1000\/wp-json\/wp\/v2\/pages"}],"about":[{"href":"http:\/\/www.groupe1000picardie.fr\/wp-G1000\/wp-json\/wp\/v2\/types\/page"}],"author":[{"embeddable":true,"href":"http:\/\/www.groupe1000picardie.fr\/wp-G1000\/wp-json\/wp\/v2\/users\/1"}],"replies":[{"embeddable":true,"href":"http:\/\/www.groupe1000picardie.fr\/wp-G1000\/wp-json\/wp\/v2\/comments?post=47"}],"version-history":[{"count":35,"href":"http:\/\/www.groupe1000picardie.fr\/wp-G1000\/wp-json\/wp\/v2\/pages\/47\/revisions"}],"predecessor-version":[{"id":779,"href":"http:\/\/www.groupe1000picardie.fr\/wp-G1000\/wp-json\/wp\/v2\/pages\/47\/revisions\/779"}],"wp:attachment":[{"href":"http:\/\/www.groupe1000picardie.fr\/wp-G1000\/wp-json\/wp\/v2\/media?parent=47"}],"curies":[{"name":"wp","href":"https:\/\/api.w.org\/{rel}","templated":true}]}}