{"id":303,"date":"2017-02-23T15:40:41","date_gmt":"2017-02-23T14:40:41","guid":{"rendered":"http:\/\/www.groupe1000picardie.fr\/wp-G1000\/?page_id=303"},"modified":"2017-02-24T10:50:53","modified_gmt":"2017-02-24T09:50:53","slug":"logements-collectifs-rehabilitations","status":"publish","type":"page","link":"http:\/\/www.groupe1000picardie.fr\/wp-G1000\/logements-collectifs-rehabilitations\/","title":{"rendered":"Logements collectifs \u2013 R\u00e9habilitations"},"content":{"rendered":"<p style=\"text-align: center;\">Logements collectifs \u2013 R\u00e9habilitations<\/p>\n\t\t\t<style>\r\n                #foogallery-gallery-369.fg-justified .fg-item {\r\n                    margin-right: 1px;\r\n                    margin-bottom: 1px;\r\n                }\r\n\r\n                #foogallery-gallery-369.fg-justified .fg-image {\r\n                    height: 150px;\r\n                }\r\n\t\t\t<\/style>\r\n\t\t\t<div class=\"foogallery foogallery-container foogallery-justified foogallery-lightbox-foobox fg-justified fg-light fg-loading-default fg-loaded-fade-in fg-hover-fade fg-ready\" id=\"foogallery-gallery-369\" data-foogallery=\"{&quot;item&quot;:{&quot;showCaptionTitle&quot;:true,&quot;showCaptionDescription&quot;:true},&quot;lazy&quot;:true,&quot;template&quot;:{&quot;rowHeight&quot;:150,&quot;maxRowHeight&quot;:300,&quot;margins&quot;:1,&quot;align&quot;:&quot;center&quot;,&quot;lastRow&quot;:&quot;smart&quot;}}\" >\r\n\t<div class=\"fg-item fg-type-image fg-idle\"><figure class=\"fg-item-inner\"><a href=\"http:\/\/www.groupe1000picardie.fr\/wp-G1000\/wp-content\/uploads\/2017\/02\/R\u00e9ha-lgt-coll-2003-84-logements-collectifs-Rue-Emile-Lesot-\u00e0-Amiens.jpg\" data-attachment-id=\"828\" data-type=\"image\" class=\"fg-thumb\"><span class=\"fg-image-wrap\"><img fetchpriority=\"high\" decoding=\"async\" height=\"300\" width=\"400\" class=\"skip-lazy fg-image\" data-src-fg=\"http:\/\/www.groupe1000picardie.fr\/wp-G1000\/wp-content\/uploads\/cache\/2017\/02\/R\u00e9ha-lgt-coll-2003-84-logements-collectifs-Rue-Emile-Lesot-\u00e0-Amiens\/1562733117.jpg\" src=\"data:image\/svg+xml,%3Csvg%20xmlns%3D%22http%3A%2F%2Fwww.w3.org%2F2000%2Fsvg%22%20width%3D%22400%22%20height%3D%22300%22%20viewBox%3D%220%200%20400%20300%22%3E%3C%2Fsvg%3E\" loading=\"eager\"><\/span><span class=\"fg-image-overlay\"><\/span><\/a><figcaption class=\"fg-caption\"><div class=\"fg-caption-inner\"><\/div><\/figcaption><\/figure><div class=\"fg-loader\"><\/div><\/div><div class=\"fg-item fg-type-image fg-idle\"><figure class=\"fg-item-inner\"><a href=\"http:\/\/www.groupe1000picardie.fr\/wp-G1000\/wp-content\/uploads\/2017\/02\/R\u00e9ha-lgt-coll-2004-250-chambres-universitaires-\u00e0-Amiens.jpg\" data-attachment-id=\"829\" data-type=\"image\" class=\"fg-thumb\"><span class=\"fg-image-wrap\"><img decoding=\"async\" height=\"300\" width=\"489\" class=\"skip-lazy fg-image\" data-src-fg=\"http:\/\/www.groupe1000picardie.fr\/wp-G1000\/wp-content\/uploads\/cache\/2017\/02\/R\u00e9ha-lgt-coll-2004-250-chambres-universitaires-\u00e0-Amiens\/3924888366.jpg\" src=\"data:image\/svg+xml,%3Csvg%20xmlns%3D%22http%3A%2F%2Fwww.w3.org%2F2000%2Fsvg%22%20width%3D%22489%22%20height%3D%22300%22%20viewBox%3D%220%200%20489%20300%22%3E%3C%2Fsvg%3E\" loading=\"eager\"><\/span><span class=\"fg-image-overlay\"><\/span><\/a><figcaption class=\"fg-caption\"><div class=\"fg-caption-inner\"><\/div><\/figcaption><\/figure><div class=\"fg-loader\"><\/div><\/div><div class=\"fg-item fg-type-image fg-idle\"><figure class=\"fg-item-inner\"><a href=\"http:\/\/www.groupe1000picardie.fr\/wp-G1000\/wp-content\/uploads\/2017\/02\/R\u00e9ha-lgt-coll-2005-66-logements-collectifs-Rue-de-Cottenchy-\u00e0-Amiens.jpg\" data-attachment-id=\"830\" data-type=\"image\" class=\"fg-thumb\"><span class=\"fg-image-wrap\"><img decoding=\"async\" height=\"300\" width=\"400\" class=\"skip-lazy fg-image\" data-src-fg=\"http:\/\/www.groupe1000picardie.fr\/wp-G1000\/wp-content\/uploads\/cache\/2017\/02\/R\u00e9ha-lgt-coll-2005-66-logements-collectifs-Rue-de-Cottenchy-\u00e0-Amiens\/1987376392.jpg\" src=\"data:image\/svg+xml,%3Csvg%20xmlns%3D%22http%3A%2F%2Fwww.w3.org%2F2000%2Fsvg%22%20width%3D%22400%22%20height%3D%22300%22%20viewBox%3D%220%200%20400%20300%22%3E%3C%2Fsvg%3E\" loading=\"eager\"><\/span><span class=\"fg-image-overlay\"><\/span><\/a><figcaption class=\"fg-caption\"><div class=\"fg-caption-inner\"><\/div><\/figcaption><\/figure><div class=\"fg-loader\"><\/div><\/div><div class=\"fg-item fg-type-image fg-idle\"><figure class=\"fg-item-inner\"><a href=\"http:\/\/www.groupe1000picardie.fr\/wp-G1000\/wp-content\/uploads\/2017\/02\/R\u00e9ha-lgt-coll-2006-112-logements-collectifs-Chemin-de-Vauvoix-\u00e0-Amiens.jpg\" data-attachment-id=\"831\" data-type=\"image\" class=\"fg-thumb\"><span class=\"fg-image-wrap\"><img decoding=\"async\" height=\"300\" width=\"400\" class=\"skip-lazy fg-image\" data-src-fg=\"http:\/\/www.groupe1000picardie.fr\/wp-G1000\/wp-content\/uploads\/cache\/2017\/02\/R\u00e9ha-lgt-coll-2006-112-logements-collectifs-Chemin-de-Vauvoix-\u00e0-Amiens\/3503845088.jpg\" src=\"data:image\/svg+xml,%3Csvg%20xmlns%3D%22http%3A%2F%2Fwww.w3.org%2F2000%2Fsvg%22%20width%3D%22400%22%20height%3D%22300%22%20viewBox%3D%220%200%20400%20300%22%3E%3C%2Fsvg%3E\" loading=\"eager\"><\/span><span class=\"fg-image-overlay\"><\/span><\/a><figcaption class=\"fg-caption\"><div class=\"fg-caption-inner\"><\/div><\/figcaption><\/figure><div class=\"fg-loader\"><\/div><\/div><div class=\"fg-item fg-type-image fg-idle\"><figure class=\"fg-item-inner\"><a href=\"http:\/\/www.groupe1000picardie.fr\/wp-G1000\/wp-content\/uploads\/2017\/02\/R\u00e9ha-lgt-coll-2007-40-logements-collectifs-Rue-Chardin-\u00e0-Amiens.jpg\" data-attachment-id=\"832\" data-type=\"image\" class=\"fg-thumb\"><span class=\"fg-image-wrap\"><img decoding=\"async\" height=\"300\" width=\"400\" class=\"skip-lazy fg-image\" data-src-fg=\"http:\/\/www.groupe1000picardie.fr\/wp-G1000\/wp-content\/uploads\/cache\/2017\/02\/R\u00e9ha-lgt-coll-2007-40-logements-collectifs-Rue-Chardin-\u00e0-Amiens\/4266805054.jpg\" src=\"data:image\/svg+xml,%3Csvg%20xmlns%3D%22http%3A%2F%2Fwww.w3.org%2F2000%2Fsvg%22%20width%3D%22400%22%20height%3D%22300%22%20viewBox%3D%220%200%20400%20300%22%3E%3C%2Fsvg%3E\" loading=\"eager\"><\/span><span class=\"fg-image-overlay\"><\/span><\/a><figcaption class=\"fg-caption\"><div class=\"fg-caption-inner\"><\/div><\/figcaption><\/figure><div class=\"fg-loader\"><\/div><\/div><div class=\"fg-item fg-type-image fg-idle\"><figure class=\"fg-item-inner\"><a href=\"http:\/\/www.groupe1000picardie.fr\/wp-G1000\/wp-content\/uploads\/2017\/02\/R\u00e9ha-lgt-coll-2008-Restructuration-du-batiment-033-Centre-de-d\u00e9fense-2\u00e8me-chance-\u00e0-doullens.jpg\" data-attachment-id=\"833\" data-type=\"image\" class=\"fg-thumb\"><span class=\"fg-image-wrap\"><img decoding=\"async\" height=\"300\" width=\"400\" class=\"skip-lazy fg-image\" data-src-fg=\"http:\/\/www.groupe1000picardie.fr\/wp-G1000\/wp-content\/uploads\/cache\/2017\/02\/R\u00e9ha-lgt-coll-2008-Restructuration-du-batiment-033-Centre-de-d\u00e9fense-2\u00e8me-chance-\u00e0-doullens\/3348895929.jpg\" src=\"data:image\/svg+xml,%3Csvg%20xmlns%3D%22http%3A%2F%2Fwww.w3.org%2F2000%2Fsvg%22%20width%3D%22400%22%20height%3D%22300%22%20viewBox%3D%220%200%20400%20300%22%3E%3C%2Fsvg%3E\" loading=\"eager\"><\/span><span class=\"fg-image-overlay\"><\/span><\/a><figcaption class=\"fg-caption\"><div class=\"fg-caption-inner\"><\/div><\/figcaption><\/figure><div class=\"fg-loader\"><\/div><\/div><div class=\"fg-item fg-type-image fg-idle\"><figure class=\"fg-item-inner\"><a href=\"http:\/\/www.groupe1000picardie.fr\/wp-G1000\/wp-content\/uploads\/2017\/02\/R\u00e9ha-lgt-coll-2009-300-chambres-universitaires-\u00e0-Amiens.jpg\" data-attachment-id=\"834\" data-type=\"image\" class=\"fg-thumb\"><span class=\"fg-image-wrap\"><img decoding=\"async\" height=\"300\" width=\"400\" class=\"skip-lazy fg-image\" data-src-fg=\"http:\/\/www.groupe1000picardie.fr\/wp-G1000\/wp-content\/uploads\/cache\/2017\/02\/R\u00e9ha-lgt-coll-2009-300-chambres-universitaires-\u00e0-Amiens\/1995695747.jpg\" src=\"data:image\/svg+xml,%3Csvg%20xmlns%3D%22http%3A%2F%2Fwww.w3.org%2F2000%2Fsvg%22%20width%3D%22400%22%20height%3D%22300%22%20viewBox%3D%220%200%20400%20300%22%3E%3C%2Fsvg%3E\" loading=\"eager\"><\/span><span class=\"fg-image-overlay\"><\/span><\/a><figcaption class=\"fg-caption\"><div class=\"fg-caption-inner\"><\/div><\/figcaption><\/figure><div class=\"fg-loader\"><\/div><\/div><div class=\"fg-item fg-type-image fg-idle\"><figure class=\"fg-item-inner\"><a href=\"http:\/\/www.groupe1000picardie.fr\/wp-G1000\/wp-content\/uploads\/2017\/02\/R\u00e9ha-lgt-coll-2011-400-chambres-universitaires-\u00e0-Compi\u00e8gne-1.jpg\" data-attachment-id=\"835\" data-type=\"image\" class=\"fg-thumb\"><span class=\"fg-image-wrap\"><img decoding=\"async\" height=\"300\" width=\"402\" class=\"skip-lazy fg-image\" data-src-fg=\"http:\/\/www.groupe1000picardie.fr\/wp-G1000\/wp-content\/uploads\/cache\/2017\/02\/R\u00e9ha-lgt-coll-2011-400-chambres-universitaires-\u00e0-Compi\u00e8gne-1\/4214889450.jpg\" src=\"data:image\/svg+xml,%3Csvg%20xmlns%3D%22http%3A%2F%2Fwww.w3.org%2F2000%2Fsvg%22%20width%3D%22402%22%20height%3D%22300%22%20viewBox%3D%220%200%20402%20300%22%3E%3C%2Fsvg%3E\" loading=\"eager\"><\/span><span class=\"fg-image-overlay\"><\/span><\/a><figcaption class=\"fg-caption\"><div class=\"fg-caption-inner\"><\/div><\/figcaption><\/figure><div class=\"fg-loader\"><\/div><\/div><div class=\"fg-item fg-type-image fg-idle\"><figure class=\"fg-item-inner\"><a href=\"http:\/\/www.groupe1000picardie.fr\/wp-G1000\/wp-content\/uploads\/2017\/02\/R\u00e9ha-lgt-coll-2011-400-chambres-universitaires-\u00e0-Compi\u00e8gne-2.jpg\" data-attachment-id=\"836\" data-type=\"image\" class=\"fg-thumb\"><span class=\"fg-image-wrap\"><img decoding=\"async\" height=\"300\" width=\"402\" class=\"skip-lazy fg-image\" data-src-fg=\"http:\/\/www.groupe1000picardie.fr\/wp-G1000\/wp-content\/uploads\/cache\/2017\/02\/R\u00e9ha-lgt-coll-2011-400-chambres-universitaires-\u00e0-Compi\u00e8gne-2\/2515990965.jpg\" src=\"data:image\/svg+xml,%3Csvg%20xmlns%3D%22http%3A%2F%2Fwww.w3.org%2F2000%2Fsvg%22%20width%3D%22402%22%20height%3D%22300%22%20viewBox%3D%220%200%20402%20300%22%3E%3C%2Fsvg%3E\" loading=\"eager\"><\/span><span class=\"fg-image-overlay\"><\/span><\/a><figcaption class=\"fg-caption\"><div class=\"fg-caption-inner\"><\/div><\/figcaption><\/figure><div class=\"fg-loader\"><\/div><\/div><div class=\"fg-item fg-type-image fg-idle\"><figure class=\"fg-item-inner\"><a href=\"http:\/\/www.groupe1000picardie.fr\/wp-G1000\/wp-content\/uploads\/2017\/02\/R\u00e9ha-lgt-coll-2011-400-chambres-universitaires-\u00e0-Compi\u00e8gne-3.jpg\" data-attachment-id=\"837\" data-type=\"image\" class=\"fg-thumb\"><span class=\"fg-image-wrap\"><img decoding=\"async\" height=\"300\" width=\"402\" class=\"skip-lazy fg-image\" data-src-fg=\"http:\/\/www.groupe1000picardie.fr\/wp-G1000\/wp-content\/uploads\/cache\/2017\/02\/R\u00e9ha-lgt-coll-2011-400-chambres-universitaires-\u00e0-Compi\u00e8gne-3\/110994879.jpg\" src=\"data:image\/svg+xml,%3Csvg%20xmlns%3D%22http%3A%2F%2Fwww.w3.org%2F2000%2Fsvg%22%20width%3D%22402%22%20height%3D%22300%22%20viewBox%3D%220%200%20402%20300%22%3E%3C%2Fsvg%3E\" loading=\"eager\"><\/span><span class=\"fg-image-overlay\"><\/span><\/a><figcaption class=\"fg-caption\"><div class=\"fg-caption-inner\"><\/div><\/figcaption><\/figure><div class=\"fg-loader\"><\/div><\/div><div class=\"fg-item fg-type-image fg-idle\"><figure class=\"fg-item-inner\"><a href=\"http:\/\/www.groupe1000picardie.fr\/wp-G1000\/wp-content\/uploads\/2017\/02\/R\u00e9ha-lgt-coll-2012-32-logements-collectifs-\u00e1-Amiens.jpg\" data-attachment-id=\"838\" data-type=\"image\" class=\"fg-thumb\"><span class=\"fg-image-wrap\"><img decoding=\"async\" height=\"300\" width=\"402\" class=\"skip-lazy fg-image\" data-src-fg=\"http:\/\/www.groupe1000picardie.fr\/wp-G1000\/wp-content\/uploads\/cache\/2017\/02\/R\u00e9ha-lgt-coll-2012-32-logements-collectifs-\u00e1-Amiens\/844725951.jpg\" src=\"data:image\/svg+xml,%3Csvg%20xmlns%3D%22http%3A%2F%2Fwww.w3.org%2F2000%2Fsvg%22%20width%3D%22402%22%20height%3D%22300%22%20viewBox%3D%220%200%20402%20300%22%3E%3C%2Fsvg%3E\" loading=\"eager\"><\/span><span class=\"fg-image-overlay\"><\/span><\/a><figcaption class=\"fg-caption\"><div class=\"fg-caption-inner\"><\/div><\/figcaption><\/figure><div class=\"fg-loader\"><\/div><\/div><div class=\"fg-item fg-type-image fg-idle\"><figure class=\"fg-item-inner\"><a href=\"http:\/\/www.groupe1000picardie.fr\/wp-G1000\/wp-content\/uploads\/2017\/02\/R\u00e9ha-lgt-coll-2013-85-logements-collectifs-quartier-dEtouvie-\u00e0-Amiens.jpg\" data-attachment-id=\"839\" data-type=\"image\" class=\"fg-thumb\"><span class=\"fg-image-wrap\"><img decoding=\"async\" height=\"300\" width=\"400\" class=\"skip-lazy fg-image\" data-src-fg=\"http:\/\/www.groupe1000picardie.fr\/wp-G1000\/wp-content\/uploads\/cache\/2017\/02\/R\u00e9ha-lgt-coll-2013-85-logements-collectifs-quartier-dEtouvie-\u00e0-Amiens\/3652675829.jpg\" src=\"data:image\/svg+xml,%3Csvg%20xmlns%3D%22http%3A%2F%2Fwww.w3.org%2F2000%2Fsvg%22%20width%3D%22400%22%20height%3D%22300%22%20viewBox%3D%220%200%20400%20300%22%3E%3C%2Fsvg%3E\" loading=\"eager\"><\/span><span class=\"fg-image-overlay\"><\/span><\/a><figcaption class=\"fg-caption\"><div class=\"fg-caption-inner\"><\/div><\/figcaption><\/figure><div class=\"fg-loader\"><\/div><\/div><div class=\"fg-item fg-type-image fg-idle\"><figure class=\"fg-item-inner\"><a href=\"http:\/\/www.groupe1000picardie.fr\/wp-G1000\/wp-content\/uploads\/2017\/02\/R\u00e9ha-lgt-coll-2016-Commerces-et-logements-a-Montdidier.jpg\" data-attachment-id=\"840\" data-type=\"image\" class=\"fg-thumb\"><span class=\"fg-image-wrap\"><img decoding=\"async\" height=\"300\" width=\"400\" class=\"skip-lazy fg-image\" data-src-fg=\"http:\/\/www.groupe1000picardie.fr\/wp-G1000\/wp-content\/uploads\/cache\/2017\/02\/R\u00e9ha-lgt-coll-2016-Commerces-et-logements-a-Montdidier\/4220267598.jpg\" src=\"data:image\/svg+xml,%3Csvg%20xmlns%3D%22http%3A%2F%2Fwww.w3.org%2F2000%2Fsvg%22%20width%3D%22400%22%20height%3D%22300%22%20viewBox%3D%220%200%20400%20300%22%3E%3C%2Fsvg%3E\" loading=\"eager\"><\/span><span class=\"fg-image-overlay\"><\/span><\/a><figcaption class=\"fg-caption\"><div class=\"fg-caption-inner\"><\/div><\/figcaption><\/figure><div class=\"fg-loader\"><\/div><\/div><div class=\"fg-item fg-type-image fg-idle\"><figure class=\"fg-item-inner\"><a href=\"http:\/\/www.groupe1000picardie.fr\/wp-G1000\/wp-content\/uploads\/2017\/02\/R\u00e9ha-lgt-coll-2016-Institut-Th\u00e9rapeutique-Educatif-P\u00e9dagogique-de-lAbbaye-de-Valloires-\u00e0-Argoules.jpg\" data-attachment-id=\"841\" data-type=\"image\" class=\"fg-thumb\"><span class=\"fg-image-wrap\"><img decoding=\"async\" height=\"300\" width=\"400\" class=\"skip-lazy fg-image\" data-src-fg=\"http:\/\/www.groupe1000picardie.fr\/wp-G1000\/wp-content\/uploads\/cache\/2017\/02\/R\u00e9ha-lgt-coll-2016-Institut-Th\u00e9rapeutique-Educatif-P\u00e9dagogique-de-lAbbaye-de-Valloires-\u00e0-Argoules\/665534656.jpg\" src=\"data:image\/svg+xml,%3Csvg%20xmlns%3D%22http%3A%2F%2Fwww.w3.org%2F2000%2Fsvg%22%20width%3D%22400%22%20height%3D%22300%22%20viewBox%3D%220%200%20400%20300%22%3E%3C%2Fsvg%3E\" loading=\"eager\"><\/span><span class=\"fg-image-overlay\"><\/span><\/a><figcaption class=\"fg-caption\"><div class=\"fg-caption-inner\"><\/div><\/figcaption><\/figure><div class=\"fg-loader\"><\/div><\/div><div class=\"fg-item fg-type-image fg-idle\"><figure class=\"fg-item-inner\"><a href=\"http:\/\/www.groupe1000picardie.fr\/wp-G1000\/wp-content\/uploads\/2017\/02\/R\u00e9habilitation-de-32-logements-collectifs-\u00e0-Beauvais.jpg\" data-caption-title=\"R\u00e9habilitation de 32 logements collectifs \u00e0 Beauvais\" data-attachment-id=\"944\" data-type=\"image\" class=\"fg-thumb\"><span class=\"fg-image-wrap\"><img decoding=\"async\" title=\"R\u00e9habilitation de 32 logements collectifs \u00e0 Beauvais\" height=\"300\" width=\"400\" class=\"skip-lazy fg-image\" data-src-fg=\"http:\/\/www.groupe1000picardie.fr\/wp-G1000\/wp-content\/uploads\/cache\/2017\/02\/R\u00e9habilitation-de-32-logements-collectifs-\u00e0-Beauvais\/2957149028.jpg\" src=\"data:image\/svg+xml,%3Csvg%20xmlns%3D%22http%3A%2F%2Fwww.w3.org%2F2000%2Fsvg%22%20width%3D%22400%22%20height%3D%22300%22%20viewBox%3D%220%200%20400%20300%22%3E%3C%2Fsvg%3E\" loading=\"eager\"><\/span><span class=\"fg-image-overlay\"><\/span><\/a><figcaption class=\"fg-caption\"><div class=\"fg-caption-inner\"><div class=\"fg-caption-title\">R\u00e9habilitation de 32 logements collectifs \u00e0 Beauvais<\/div><\/div><\/figcaption><\/figure><div class=\"fg-loader\"><\/div><\/div><\/div>\r\n\n","protected":false},"excerpt":{"rendered":"<p>Logements collectifs \u2013 R\u00e9habilitations<\/p>\n","protected":false},"author":1,"featured_media":0,"parent":0,"menu_order":0,"comment_status":"closed","ping_status":"closed","template":"","meta":{"footnotes":""},"class_list":["post-303","page","type-page","status-publish","hentry"],"_links":{"self":[{"href":"http:\/\/www.groupe1000picardie.fr\/wp-G1000\/wp-json\/wp\/v2\/pages\/303","targetHints":{"allow":["GET"]}}],"collection":[{"href":"http:\/\/www.groupe1000picardie.fr\/wp-G1000\/wp-json\/wp\/v2\/pages"}],"about":[{"href":"http:\/\/www.groupe1000picardie.fr\/wp-G1000\/wp-json\/wp\/v2\/types\/page"}],"author":[{"embeddable":true,"href":"http:\/\/www.groupe1000picardie.fr\/wp-G1000\/wp-json\/wp\/v2\/users\/1"}],"replies":[{"embeddable":true,"href":"http:\/\/www.groupe1000picardie.fr\/wp-G1000\/wp-json\/wp\/v2\/comments?post=303"}],"version-history":[{"count":3,"href":"http:\/\/www.groupe1000picardie.fr\/wp-G1000\/wp-json\/wp\/v2\/pages\/303\/revisions"}],"predecessor-version":[{"id":378,"href":"http:\/\/www.groupe1000picardie.fr\/wp-G1000\/wp-json\/wp\/v2\/pages\/303\/revisions\/378"}],"wp:attachment":[{"href":"http:\/\/www.groupe1000picardie.fr\/wp-G1000\/wp-json\/wp\/v2\/media?parent=303"}],"curies":[{"name":"wp","href":"https:\/\/api.w.org\/{rel}","templated":true}]}}