{"id":184,"date":"2016-04-25T13:42:46","date_gmt":"2016-04-25T12:42:46","guid":{"rendered":"http:\/\/www.groupe1000picardie.fr\/wp-G1000\/?page_id=184"},"modified":"2017-07-12T19:30:09","modified_gmt":"2017-07-12T18:30:09","slug":"competences","status":"publish","type":"page","link":"http:\/\/www.groupe1000picardie.fr\/wp-G1000\/competences\/","title":{"rendered":"Comp\u00e9tences"},"content":{"rendered":"<p>&nbsp;<\/p>\n<p style=\"text-align: center;\"><strong>Fonctionnement<\/strong><\/p>\n<p style=\"text-align: left;\"><strong>GROUPE 1000 PICARDIE<\/strong> est une Soci\u00e9t\u00e9 Anonyme \u00e0 Conseil d\u2019Administration ayant pour vocation l\u2019\u00e9tude et la r\u00e9alisation de travaux de b\u00e2timent en entreprise g\u00e9n\u00e9rale. Pour la r\u00e9alisation des travaux, elle associe des entreprises r\u00e9gionales en fonction de leur exp\u00e9rience et disponibilit\u00e9 en correspondance avec le march\u00e9 vis\u00e9. <strong>GROUPE 1000 PICARDIE<\/strong> , seul interlocuteur pour le Ma\u00eetre d\u2019Ouvrage et le Ma\u00eetre d\u2019\u0153uvre, assume au moyen d\u2019un contrat unique la responsabilit\u00e9 globale de l\u2019ouvrage. La structure est constitu\u00e9e aujourd\u2019hui de 27 PME actionnaires mais \u00e9galement d\u2019environ une vingtaine de PME r\u00e9gionales partenaires.<\/p>\n<table>\n<tbody>\n<tr>\n<td style=\"text-align: center;\"><img loading=\"lazy\" decoding=\"async\" class=\"aligncenter\" src=\"http:\/\/www.groupe1000picardie.fr\/wp-G1000\/wp-content\/uploads\/2017\/07\/nouv1.jpg\" alt=\"\" width=\"260\" height=\"238\" \/><\/td>\n<td style=\"text-align: center;\"><img loading=\"lazy\" decoding=\"async\" class=\"aligncenter\" src=\"http:\/\/www.groupe1000picardie.fr\/wp-G1000\/wp-content\/uploads\/2017\/07\/nouv2.jpg\" alt=\"\" width=\"260\" height=\"238\" \/><\/td>\n<\/tr>\n<\/tbody>\n<\/table>\n<p style=\"text-align: center;\"><strong>Type de march\u00e9s<\/strong><\/p>\n<p>\u00a0Notre savoir-faire est diversifi\u00e9. Les travaux de construction ou de r\u00e9habilitation, d\u2019ouvrages recevant du public, d\u2019ouvrages industriels, de logements collectifs ou individuels, en site occup\u00e9 ou non, font partie de nos r\u00e9f\u00e9rences. En partenariat avec un Ma\u00eetre d\u2019\u0153uvre, <strong>GROUPE 1000 PICARDIE<\/strong> con\u00e7oit et r\u00e9alise des b\u00e2timents industriels, des bureaux et des logements collectifs et individuels.<\/p>\n","protected":false},"excerpt":{"rendered":"<p>&nbsp; Fonctionnement GROUPE 1000 PICARDIE est une Soci\u00e9t\u00e9 Anonyme \u00e0 Conseil d\u2019Administration ayant pour vocation l\u2019\u00e9tude et la r\u00e9alisation de travaux de b\u00e2timent en entreprise g\u00e9n\u00e9rale. Pour la r\u00e9alisation des travaux, elle associe des entreprises r\u00e9gionales en fonction de leur exp\u00e9rience et disponibilit\u00e9 en correspondance avec le march\u00e9 vis\u00e9. GROUPE \u2026 <a class=\"continue-reading-link\" href=\"http:\/\/www.groupe1000picardie.fr\/wp-G1000\/competences\/\"> Continue reading <span class=\"meta-nav\">&rarr; <\/span><\/a><\/p>\n","protected":false},"author":1,"featured_media":0,"parent":0,"menu_order":0,"comment_status":"closed","ping_status":"closed","template":"","meta":{"footnotes":""},"class_list":["post-184","page","type-page","status-publish","hentry"],"_links":{"self":[{"href":"http:\/\/www.groupe1000picardie.fr\/wp-G1000\/wp-json\/wp\/v2\/pages\/184","targetHints":{"allow":["GET"]}}],"collection":[{"href":"http:\/\/www.groupe1000picardie.fr\/wp-G1000\/wp-json\/wp\/v2\/pages"}],"about":[{"href":"http:\/\/www.groupe1000picardie.fr\/wp-G1000\/wp-json\/wp\/v2\/types\/page"}],"author":[{"embeddable":true,"href":"http:\/\/www.groupe1000picardie.fr\/wp-G1000\/wp-json\/wp\/v2\/users\/1"}],"replies":[{"embeddable":true,"href":"http:\/\/www.groupe1000picardie.fr\/wp-G1000\/wp-json\/wp\/v2\/comments?post=184"}],"version-history":[{"count":48,"href":"http:\/\/www.groupe1000picardie.fr\/wp-G1000\/wp-json\/wp\/v2\/pages\/184\/revisions"}],"predecessor-version":[{"id":881,"href":"http:\/\/www.groupe1000picardie.fr\/wp-G1000\/wp-json\/wp\/v2\/pages\/184\/revisions\/881"}],"wp:attachment":[{"href":"http:\/\/www.groupe1000picardie.fr\/wp-G1000\/wp-json\/wp\/v2\/media?parent=184"}],"curies":[{"name":"wp","href":"https:\/\/api.w.org\/{rel}","templated":true}]}}